*3 + 5*i**2 - 3. Suppose 4*y + 40*r - 20 = 38*r, -r = -2*y + 10. What is g(y)?
-3
Let x(s) = -5*s**2 - 3*s - 53. Let t(q) = 2*q**2 + q + 19. Let j(d) = 8*t(d) + 3*x(d). Determine j(-3).
5
Let p(b) = b - 16. Let c = 68 - 60. Give p(c).
-8
Let h(k) be the first derivative of -2*k**2 + 2*k - 42. Let r = 16 + -11. Suppose -q + 12 = -r*q. What is h(q)?
14
Suppose 0 = l - 2 - 4. Let d(t) = -t + 4. Let n(v) = -2*v + 6. Let o(y) = 5*d(y) - 3*n(y). Calculate o(l).
8
Let f(a) = 6*a**2 - 640*a - a**3 + 4 + 633*a + 0*a**2. Give f(4).
8
Let d(v) be the second derivative of -11*v**3/6 - v**2/2 + 2*v - 137. Determine d(-1).
10
Let n(i) = i + 11. Let l = -102 + 94. What is n(l)?
3
Let u(p) = -p**2 - 5*p + 6. Let g(c) = c**2 - 4*c + 2. Let z be g(4). Let d = -8 + z. Let k be u(d). Let w(a) = a**3 + a**2 - a - 6. Give w(k).
-6
Let c(y) = y**3 - 7*y**2 - 4*y + 7. Suppose 14*f + 67 = 165. What is c(f)?
-21
Let c be (-40)/(-60)*(2 + -2 + 3). Let j(l) = -2*l**3 + 2*l**2 - 2*l - 6. Suppose -3 + 23 = 5*s. Let a(d) = -d - 1. Let n(x) = s*a(x) - j(x). Calculate n(c).
6
Let h be (1 - -4) + -6*9/54. Let w(u) be the first derivative of 5/2*u**2 + 1 + u - 1/3*u**3. Give w(h).
5
Let w(h) = -6*h**2 - 5. Let z(j) = -j**2 - j - 1. Let v be 3*(-8)/(-12) - 4. Let d(b) = v*z(b) + w(b). Determine d(2).
-15
Let y(a) be the first derivative of -a**4/4 - 7*a**3/3 - 5*a**2 - 7*a - 533. Give y(-6).
17
Let y(s) be the second derivative of s**4/12 + 7*s**3/6 + 6*s + 14. Calculate y(-8).
8
Let g(o) = -o**3 + o + 5. Let k be 3/6*(3 + 1). Let v(z) = z**3 + 0*z - 2 + z**3 - 4 - z. Let q(t) = k*v(t) + 3*g(t). What is q(0)?
3
Let n(k) = k + 3. Let z(p) = -p**3 - 11*p**2 + 11*p - 6. Let b be z(-12). Determine n(b).
9
Suppose 0 = 2*z - 0*z - 6. Suppose -d - u + 23 = z*u, -u + 8 = d. Let g(f) = 5*f - 2*f**d + 2*f**3 - 2*f**2 + f**3 - 4*f**2 - 5. Calculate g(5).
-5
Suppose -4*l - 3*i = -5*l - 8, -11 = l - 4*i. Let b be (l/6 - (-37)/(-6)) + -1. Let y(g) = g**2 + 8*g + 9. What is y(b)?
2
Let j(g) = -g - 9. Suppose -5*l - 16 = -41. Let s(a) = -a - 13. Let k(r) = l*s(r) - 8*j(r). What is k(-5)?
-8
Let h(r) = 4*r**2. Suppose 0 = 15*p - 22*p - 7. Give h(p).
4
Let a be (-1 + 0 + 6)*(-225)/125. Let n(o) = -o**2 - 11*o - 8. Determine n(a).
10
Let g(n) = -n**3 - 8*n**2 - 9*n - 5. Let a = 19 + -1. Suppose -2*i = -2*t - 0 - 4, -t = 3*i + a. Calculate g(t).
-23
Let w(s) = -2*s - 6. Let j be w(7). Let d be ((-18)/45)/(2/j). Let h(u) = -2*u + 1. What is h(d)?
-7
Let b(v) be the third derivative of v**6/360 - v**5/15 + v**4/6 - 8*v**3/3 - 23*v**2. Let h(x) be the first derivative of b(x). Calculate h(3).
-11
Let i(n) be the first derivative of 4 - 18 - n + 5 + 8 - 8*n**2. Determine i(-1).
15
Let o(c) = -c. Let u = 12 - 12. Let q(k) = -7 - 4*k + 1 + 3*k. Let h be q(u). Determine o(h).
6
Let d(x) be the first derivative of -x**3/3 - 27*x + 316. Calculate d(0).
-27
Let p(g) be the second derivative of 0 - 1/20*g**5 + 0*g**3 + 1/4*g**4 - g**2 + g. Suppose 0 = 26*c - 27*c + 2. What is p(c)?
2
Let s(b) be the second derivative of -1/6*b**3 - 3*b**2 + 13*b + 0. What is s(-6)?
0
Let t(l) = 15*l - 1. Let p(k) = -54*k - 8. Let g(q) = -p(q) - 3*t(q). What is g(-10)?
-79
Let w(u) = u**3 - u - 3*u + 3*u - 2. Let y be (11 + -2)/(-3) - -10. Let l be -4 - (-8 - (3 - y)). Calculate w(l).
-2
Suppose 2*o + 9 = -3*d + o, 4*d - 2*o = -12. Let n be 1/((1 + d)/2). Let j(v) = 4*v**3 + v**2 - v - 1. What is j(n)?
-3
Suppose -2*s + 22 = -32. Suppose -4*c + 0*p - s = -p, 3*c + 2*p = -23. Let u(f) = -f - 14. Calculate u(c).
-7
Let o(b) = -17094*b**2 + 17095*b**2 + 4 + 1. Determine o(5).
30
Let o(l) = -l**3 + 16*l**2 + 16*l + 13. Suppose -2*v + 4*b = -42, 0 = -2*v + 19*b - 14*b + 44. Calculate o(v).
-4
Let w(q) = -7*q**3 - 2*q**2. Let m be w(-1). Let c(p) = p**3 - 6*p**2 - 3. Give c(m).
-28
Let r(m) = -m**3 - 4*m**2 - 3*m - 1. Let j(n) = 11*n - 69. Let c be j(6). Give r(c).
-1
Let p(g) = -200*g - 2. Let b be p(-2). Let a = 16 + -14. Let s(v) = -b*v + a - 2 + 401*v + 2*v**2. Calculate s(-2).
2
Let l = -79 + 85. Let i be (-15)/l*12/10 - 1. Let j(d) = -3*d - 4. What is j(i)?
8
Let a(s) = 2*s**2 + 2*s - 1. Let b be a(1). Let i(g) be the third derivative of -g**5/60 - g**4/12 - g**3/6 - 29*g**2 - 4. What is i(b)?
-16
Let k be 240/18 - 2/6. Let r = k + -18. Let d(i) = -i**2 - 5*i - 6. Give d(r).
-6
Let o(j) = -j + 5. Let p(x) = 7*x**2 + x - 30. Let k(c) = -20*c**2 - 2*c + 89. Let t(q) = 6*k(q) + 17*p(q). Let l be t(8). Determine o(l).
5
Let z(r) be the second derivative of r**4/12 - 7*r**3/6 + 3*r**2/2 + 41*r - 2. Give z(6).
-3
Let z(k) = k**3 - 7*k**2 - 7*k - 4. Let m(h) = -h**2 + 8*h + 1. Let f be m(7). Let q be z(f). Let n(x) = x - 5. What is n(q)?
-1
Suppose -4*m - 4*c - 32 = 0, 5*m - 3*c = -5*c - 25. Let k be 23 - (1 - -2)/m. Let s = 19 - k. Let h(z) = -z**3 - 4*z**2 + 7*z + 3. Give h(s).
-7
Let x = 0 - 7. Let i(d) be the third derivative of -d**5/60 - d**4/4 + 2*d**3/3 + 668*d**2. Calculate i(x).
-3
Let b(n) = -2*n - 2. Suppose -4*i = m - 23, 3*m = 5*i - i - 11. Suppose -4*c - m*o = 20, -3*o + 4*o - 4 = 4*c. Determine b(c).
2
Let q(f) = -7*f**2 + 12*f - 9. Let w(h) be the third derivative of h**5/10 - 11*h**4/24 + 4*h**3/3 - 11*h**2. Let p(v) = -5*q(v) - 6*w(v). Determine p(5).
2
Let k(f) = f**3 + 5*f**2 - 4. Let x(t) = -4*t - 11. Let w(q) = 5*q + 10. Let j(p) = -6*w(p) - 7*x(p). Let c be j(11). Calculate k(c).
-4
Suppose -u + 2*x - 52 = -3*x, -x + 184 = -3*u. Let l = u - -57. Let s(q) = q**3 + 4*q**2 - 6*q - 7. Calculate s(l).
-2
Suppose -11*u - 42 = -5*u. Let m(j) = 4*j + 35. Calculate m(u).
7
Let d(f) = -f**2 + 10*f - 14. Let p be d(10). Let v = -11 - p. Let c(g) = -2*g. Calculate c(v).
-6
Let k(i) = i**2 + 7*i - 2. Let f be k(-7). Let c(p) be the second derivative of p**4/4 + p**3/3 - p**2/2 - 2*p - 48. Give c(f).
7
Let c(n) be the second derivative of -n**4/4 + 5*n**3/3 - n**2/2 + 5*n + 23. Give c(4).
-9
Let a(z) = -5*z + 2. Suppose -11*g + 18 = -2*g. Let n(p) = -81*p + 33. Let v(u) = g*n(u) - 33*a(u). Let i = -1 + -1. What is v(i)?
-6
Let o(a) = a**3 - a**2 + a + 15. Suppose 5 = 5*z - 5. Suppose z = -x + 3. Let d be 1 + (-1 + 0)*x. What is o(d)?
15
Let u(a) = -a**2 - 9*a + 2. Let g(r) = 3*r**2 + 26*r - 5. Let m = -20 - -17. Let c = 7 + m. Let z(h) = c*g(h) + 11*u(h). Give z(-4).
-2
Suppose -12 = 4*h - 8*h. Suppose i + 0*x + h*x = -1, 4*i - 2*x = 10. Let r(j) = j**3 - 3*j**2 + 2*j. Give r(i).
0
Let o(w) = 5*w**2 - w + 1. Let x be o(1). Let p(k) = 21*k + 2. Let f(n) = -2*n. Let d(r) = 22*f(r) + 2*p(r). Calculate d(x).
-6
Let t(v) be the second derivative of v**4/12 - 7*v**3/6 - v**2/2 - 11*v - 2. Determine t(4).
-13
Let v(g) be the third derivative of g**4/24 - 163*g**2. What is v(2)?
2
Let a be ((-15)/(-12))/(1/(-4)). Let o = 37 - 33. Let n(c) = 3*c**2 - 12*c - 5. Let t(i) = i**2 - i. Let j(z) = o*t(z) - n(z). What is j(a)?
-10
Let x(t) = t**3 - 4*t**2 - 11*t - 3. Let p be x(6). Let z(u) be the first derivative of -u**2 + 4*u + 4. Give z(p).
-2
Let o(k) be the first derivative of k**3/3 - k**2/2 - k + 5. Let y(w) = 3*w + 2. Let u(p) = 3*o(p) + y(p). Give u(-1).
2
Let z(b) = -2*b + 6. Let y(u) = -5*u**2 - 2*u + 2. Let n be (-40)/(-12) - 4/(-6). Suppose -3*s - n = -4*g, -5*s = -g - s + 1. Let r be y(g). Calculate z(r).
16
Let c(a) = -a - 1. Let b = -440 + 453. What is c(b)?
-14
Let n(o) = -3*o**3 + 7*o**2 + 8*o + 5. Let w(y) = 7*y**3 - 14*y**2 - 16*y - 9. Let m(v) = 9*n(v) + 4*w(v). Let q be 8*4/(-16)*2. Let p = -10 - q. Give m(p).
-3
Let a(s) = -2*s**3 - s**2 + 2*s + 2. Let v be 5 + -6 + (2 - -1)*3. Suppose i + 2*f - v = 0, -5*i - f = f. Give a(i).
10
Let m be -47*(-2)/20 - (-57)/190. Let l(n) = n**3 - n**2 - 4*n - 6. Let v(i) = -i**3 + 2*i**2 + 4*i + 5. Let z(h) = 2*l(h) + 3*v(h). Calculate z(m).
-2
Let g(q) = q**3 + 6*q**2 + 6*q. Let z(y) = y**2 - 4*y - 5. Let i be (-1 - 3) + (2 - -8). Let w be z(i). Suppose -h - 21 = -w*x + 3*x, h + 9 = x. Determine g(h).
-5
Let r(a) be the first derivative of 1/3*a**3 + 1/4*a**4 + 3*a - 18 + a**2. What is r(-2)?
-5
Let f = 33 + -31. Let t(l) = 19 - 20 + 13*l**f - l - 2*l**2. What is t(-1)?
11
Suppose 45 = 2*r - 33. Let u = 33 - r. Let b(j) = -j + 7. Give b(u).
13
Suppose -1 - 18 = -5*w + 3*d, 4*d = 3*w - 18. Let o(u) = 11*u**2 - 3*u + 5. Calculate o(w).
43
Suppose 0 = -a - 3*c + c + 10, 2*a + 15